 the ten thousands digit of 132057?
3
What is the hundred thousands digit of 1116293?
1
What is the hundreds digit of 4374951?
9
What is the units digit of 1396769?
9
What is the ten millions digit of 10450214?
1
What is the hundreds digit of 588108?
1
What is the thousands digit of 3949098?
9
What is the ten thousands digit of 99185?
9
What is the units digit of 16703262?
2
What is the hundred thousands digit of 19845378?
8
What is the ten thousands digit of 3679761?
7
What is the thousands digit of 136886?
6
What is the ten thousands digit of 282399?
8
What is the hundreds digit of 740017?
0
What is the tens digit of 23952?
5
What is the hundreds digit of 264209?
2
What is the tens digit of 213120?
2
What is the millions digit of 1273446?
1
What is the hundreds digit of 2470147?
1
What is the thousands digit of 2452350?
2
What is the ten thousands digit of 200468?
0
What is the thousands digit of 2305699?
5
What is the hundred thousands digit of 275600?
2
What is the hundreds digit of 532812?
8
What is the thousands digit of 519895?
9
What is the units digit of 140853?
3
What is the hundreds digit of 42955?
9
What is the hundred thousands digit of 5004229?
0
What is the hundreds digit of 5710358?
3
What is the millions digit of 2910885?
2
What is the thousands digit of 4781829?
1
What is the tens digit of 8880504?
0
What is the ten thousands digit of 5485018?
8
What is the tens digit of 2742837?
3
What is the thousands digit of 5989670?
9
What is the tens digit of 1336999?
9
What is the ten thousands digit of 295791?
9
What is the ten thousands digit of 5707186?
0
What is the hundreds digit of 8315002?
0
What is the millions digit of 2383233?
2
What is the thousands digit of 14861390?
1
What is the thousands digit of 993062?
3
What is the ten thousands digit of 4006520?
0
What is the millions digit of 7878062?
7
What is the tens digit of 367090?
9
What is the ten thousands digit of 12777265?
7
What is the tens digit of 410146?
4
What is the hundred thousands digit of 946663?
9
What is the hundreds digit of 285072?
0
What is the ten thousands digit of 2152539?
5
What is the tens digit of 308024?
2
What is the thousands digit of 215257?
5
What is the hundreds digit of 189831?
8
What is the thousands digit of 58760?
8
What is the ten thousands digit of 2380376?
8
What is the thousands digit of 411313?
1
What is the hundred thousands digit of 395808?
3
What is the thousands digit of 89193?
9
What is the units digit of 8732943?
3
What is the hundred thousands digit of 21883762?
8
What is the units digit of 174338?
8
What is the hundred thousands digit of 261993?
2
What is the hundred thousands digit of 794958?
7
What is the hundred thousands digit of 21475159?
4
What is the ten thousands digit of 392948?
9
What is the hundred thousands digit of 15317684?
3
What is the thousands digit of 950382?
0
What is the hundred thousands digit of 107104?
1
What is the millions digit of 1169283?
1
What is the tens digit of 3637501?
0
What is the tens digit of 1749045?
4
What is the thousands digit of 399864?
9
What is the thousands digit of 6604486?
4
What is the tens digit of 643704?
0
What is the tens digit of 150397?
9
What is the hundred thousands digit of 2246651?
2
What is the ten thousands digit of 930733?
3
What is the units digit of 907785?
5
What is the ten thousands digit of 1105292?
0
What is the hundred thousands digit of 1176342?
1
What is the tens digit of 102663?
6
What is the thousands digit of 9062461?
2
What is the thousands digit of 2979704?
9
What is the hundreds digit of 1896812?
8
What is the hundreds digit of 15298323?
3
What is the tens digit of 165570?
7
What is the ten thousands digit of 673975?
7
What is the hundreds digit of 15838826?
8
What is the hundreds digit of 6313399?
3
What is the hundreds digit of 82144?
1
What is the tens digit of 129277?
7
What is the hundreds digit of 3021587?
5
What is the thousands digit of 904948?
4
What is the hundreds digit of 2492431?
4
What is the tens digit of 144578?
7
What is the units digit of 324141?
1
What is the units digit of 45709?
9
What is the ten thousands digit of 11970959?
7
What is the units digit of 7770763?
3
What is the units digit of 153943?
3
What is the hundred thousands digit of 158376?
1
What is the ten thousands digit of 10532774?
3
What is the hundreds digit of 165362?
3
What is the hundreds digit of 86897?
8
What is the hundreds digit of 2257304?
3
What is the hundreds digit of 436894?
8
What is the thousands digit of 263621?
3
What is the hundred thousands digit of 679052?
6
What is the hundred thousands digit of 25200814?
2
What is the thousands digit of 2660070?
0
What is the units digit of 1555944?
4
What is the hundreds digit of 95108?
1
What is the millions digit of 3988231?
3
What is the units digit of 8817900?
0
What is the hundreds digit of 569455?
4
What is the units digit of 92693?
3
What is the tens digit of 414016?
1
What is the hundreds digit of 748392?
3
What is the units digit of 127965?
5
What is the hundreds digit of 180947?
9
What is the thousands digit of 587240?
7
What is the thousands digit of 3025609?
5
What is the hundred thousands digit of 3357045?
3
What is the units digit of 469233?
3
What is the ten thousands digit of 48698?
4
What is the hundreds digit of 1093755?
7
What is the tens digit of 9010237?
3
What is the ten thousands digit of 103847?
0
What is the hundreds digit of 1843956?
9
What is the ten thousands digit of 1362081?
6
What is the hundreds digit of 3204028?
0
What is the thousands digit of 238837?
8
What is the millions digit of 4136270?
4
What is the thousands digit of 108933?
8
What is the hundreds digit of 38121?
1
What is the hundred thousands digit of 17645082?
6
What is the units digit of 1842339?
9
What is the thousands digit of 321721?
1
What is the hundreds digit of 233216?
2
What is the hundred thousands digit of 175158?
1
What is the ten thousands digit of 197067?
9
What is the hundred thousands digit of 1102799?
1
What is the tens digit of 130470?
7
What is the millions digit of 18751703?
8
What is the ten thousands digit of 208750?
0
What is the ten thousands digit of 248206?
4
What is the thousands digit of 23625920?
5
What is the thousands digit of 44145?
4
What is the ten thousands digit of 1859956?
5
What is the thousands digit of 176730?
6
What is the units digit of 664253?
3
What is the millions digit of 2651980?
2
What is the units digit of 238709?
9
What is the ten thousands digit of 73047?
7
What is the thousands digit of 2498363?
8
What is the tens digit of 1237901?
0
What is the hundreds digit of 6265225?
2
What is the ten thousands digit of 301120?
0
What is the thousands digit of 3409745?
9
What is the ten thousands digit of 53340?
5
What is the hundred thousands digit of 2306244?
3
What is the thousands digit of 579705?
9
What is the hundred thousands digit of 13423304?
4
What is the hundreds digit of 41513190?
1
What is the units digit of 812346?
6
What is the ten thousands digit of 194617?
9
What is the thousands digit of 12623681?
3
What is the units digit of 131910?
0
What is the ten thousands digit of 1636972?
3
What is the ten thousands digit of 9118995?
1
What is the ten millions digit of 15491673?
1
What is the hundreds digit of 18555949?
9
What is the tens digit of 59828?
2
What is the hundred thousands digit of 7594451?
5
What is the units digit of 744896?
6
What is the tens digit of 537090?
9
What is the thousands digit of 8964430?
4
What is the thousands digit of 1117707?
7
What is the hundred thousands digit of 11633581?
6
What is the hundred thousands digit of 162920?
1
What is the ten thousands digit of 328015?
2
What is the hundred thousands digit of 4735797?
7
What is the hundreds digit of 3008141?
1
What is the hundreds digit of 25232595?
5
What is the hundred thousands digit of 22011271?
0
What is the thousands digit of 2586832?
6
What is the tens digit of 824201?
0
What is the hundreds digit of 143429?
4
What is the thousands digit of 149043?
9
What is the units digit of 5333796?
6
What is the hundred thousands digit of 430135?
4
What is the units digit of 983550?
0
What is the hundred thousands digit of 179201?
1
What is the hundreds digit of 2543729?
7
What is the hundreds di